{"id":748,"date":"2017-03-09T07:51:24","date_gmt":"2017-03-09T07:51:24","guid":{"rendered":"http:\/\/www.hotelespanalanjaron.es\/en\/?page_id=748"},"modified":"2017-03-09T07:52:54","modified_gmt":"2017-03-09T07:52:54","slug":"the-hotel","status":"publish","type":"page","link":"https:\/\/www.hotelespanalanjaron.es\/en\/the-hotel\/","title":{"rendered":"The Hotel"},"content":{"rendered":"<h1>The Hotel Espa\u00f1a<\/h1>\n<p>Conoce el Hotel Espa\u00f1a en Lanjar\u00f3n (Alpujarra de Granada) a trav\u00e9s de la <a href=\"https:\/\/www.hotelespanalanjaron.es\/el-hotel\/una-historia-centenaria\/\">historia de Federico Garc\u00eda Lorca<\/a> durante sus estancias veraniegas en el mismo y ad\u00e9ntrate en sus rincones, <a href=\"https:\/\/www.hotelespanalanjaron.es\/el-hotel\/nuestros-espacios\/\">visitando sus habitaciones<\/a>.<\/p>\n<p><iframe loading=\"lazy\" title=\"THE HOTEL ESPA\u00d1A OF LANJAR\u00d3N WITH GARC\u00cdA LORCA\" width=\"500\" height=\"281\" src=\"https:\/\/www.youtube.com\/embed\/Dy0yi2zVW2A?feature=oembed\" frameborder=\"0\" allow=\"accelerometer; autoplay; clipboard-write; encrypted-media; gyroscope; picture-in-picture; web-share\" referrerpolicy=\"strict-origin-when-cross-origin\" allowfullscreen><\/iframe><\/p>\n<p>&nbsp;<\/p>\n<p>&nbsp;<\/p>\n<p>&nbsp;<\/p>\n<p style=\"text-align: center;\"><a class=\"button button--principal button--borde-interior\" href=\"https:\/\/www.hotelespanalanjaron.es\/contacto-reservas\/\"> Book now<\/a><\/p>\n<p style=\"text-align: center;\">\n","protected":false},"excerpt":{"rendered":"<p>Meet our hotel clicking in button +<\/p>\n","protected":false},"author":1,"featured_media":0,"parent":0,"menu_order":0,"comment_status":"closed","ping_status":"closed","template":"","meta":{"footnotes":""},"class_list":["post-748","page","type-page","status-publish","hentry"],"acf":[],"yoast_head":"<!-- This site is optimized with the Yoast SEO plugin v20.6 - https:\/\/yoast.com\/wordpress\/plugins\/seo\/ -->\n<title>The Hotel - Hotel Espa\u00f1a Balc\u00f3n de Lorca<\/title>\n<meta name=\"robots\" content=\"index, follow, max-snippet:-1, max-image-preview:large, max-video-preview:-1\" \/>\n<link rel=\"canonical\" href=\"https:\/\/www.hotelespanalanjaron.es\/en\/the-hotel\/\" \/>\n<meta property=\"og:locale\" content=\"en_US\" \/>\n<meta property=\"og:type\" content=\"article\" \/>\n<meta property=\"og:title\" content=\"The Hotel - Hotel Espa\u00f1a Balc\u00f3n de Lorca\" \/>\n<meta property=\"og:description\" content=\"Meet our hotel clicking in button +\" \/>\n<meta property=\"og:url\" content=\"https:\/\/www.hotelespanalanjaron.es\/en\/the-hotel\/\" \/>\n<meta property=\"og:site_name\" content=\"Hotel Espa\u00f1a Balc\u00f3n de Lorca\" \/>\n<meta property=\"article:modified_time\" content=\"2017-03-09T07:52:54+00:00\" \/>\n<meta name=\"twitter:card\" content=\"summary_large_image\" \/>\n<script type=\"application\/ld+json\" class=\"yoast-schema-graph\">{\"@context\":\"https:\/\/schema.org\",\"@graph\":[{\"@type\":\"WebPage\",\"@id\":\"https:\/\/www.hotelespanalanjaron.es\/en\/the-hotel\/\",\"url\":\"https:\/\/www.hotelespanalanjaron.es\/en\/the-hotel\/\",\"name\":\"The Hotel - Hotel Espa\u00f1a Balc\u00f3n de Lorca\",\"isPartOf\":{\"@id\":\"https:\/\/www.hotelespanalanjaron.es\/#website\"},\"datePublished\":\"2017-03-09T07:51:24+00:00\",\"dateModified\":\"2017-03-09T07:52:54+00:00\",\"breadcrumb\":{\"@id\":\"https:\/\/www.hotelespanalanjaron.es\/en\/the-hotel\/#breadcrumb\"},\"inLanguage\":\"en-US\",\"potentialAction\":[{\"@type\":\"ReadAction\",\"target\":[\"https:\/\/www.hotelespanalanjaron.es\/en\/the-hotel\/\"]}]},{\"@type\":\"BreadcrumbList\",\"@id\":\"https:\/\/www.hotelespanalanjaron.es\/en\/the-hotel\/#breadcrumb\",\"itemListElement\":[{\"@type\":\"ListItem\",\"position\":1,\"name\":\"\",\"item\":\"https:\/\/www.hotelespanalanjaron.es\/en\/\"},{\"@type\":\"ListItem\",\"position\":2,\"name\":\"The Hotel\"}]},{\"@type\":\"WebSite\",\"@id\":\"https:\/\/www.hotelespanalanjaron.es\/#website\",\"url\":\"https:\/\/www.hotelespanalanjaron.es\/\",\"name\":\"Hotel Espa\u00f1a Balc\u00f3n de Lorca\",\"description\":\"Hotel y Restaurante en Lanjar\u00f3n (Granada)\",\"potentialAction\":[{\"@type\":\"SearchAction\",\"target\":{\"@type\":\"EntryPoint\",\"urlTemplate\":\"https:\/\/www.hotelespanalanjaron.es\/?s={search_term_string}\"},\"query-input\":\"required name=search_term_string\"}],\"inLanguage\":\"en-US\"}]}<\/script>\n<!-- \/ Yoast SEO plugin. -->","yoast_head_json":{"title":"The Hotel - Hotel Espa\u00f1a Balc\u00f3n de Lorca","robots":{"index":"index","follow":"follow","max-snippet":"max-snippet:-1","max-image-preview":"max-image-preview:large","max-video-preview":"max-video-preview:-1"},"canonical":"https:\/\/www.hotelespanalanjaron.es\/en\/the-hotel\/","og_locale":"en_US","og_type":"article","og_title":"The Hotel - Hotel Espa\u00f1a Balc\u00f3n de Lorca","og_description":"Meet our hotel clicking in button +","og_url":"https:\/\/www.hotelespanalanjaron.es\/en\/the-hotel\/","og_site_name":"Hotel Espa\u00f1a Balc\u00f3n de Lorca","article_modified_time":"2017-03-09T07:52:54+00:00","twitter_card":"summary_large_image","schema":{"@context":"https:\/\/schema.org","@graph":[{"@type":"WebPage","@id":"https:\/\/www.hotelespanalanjaron.es\/en\/the-hotel\/","url":"https:\/\/www.hotelespanalanjaron.es\/en\/the-hotel\/","name":"The Hotel - Hotel Espa\u00f1a Balc\u00f3n de Lorca","isPartOf":{"@id":"https:\/\/www.hotelespanalanjaron.es\/#website"},"datePublished":"2017-03-09T07:51:24+00:00","dateModified":"2017-03-09T07:52:54+00:00","breadcrumb":{"@id":"https:\/\/www.hotelespanalanjaron.es\/en\/the-hotel\/#breadcrumb"},"inLanguage":"en-US","potentialAction":[{"@type":"ReadAction","target":["https:\/\/www.hotelespanalanjaron.es\/en\/the-hotel\/"]}]},{"@type":"BreadcrumbList","@id":"https:\/\/www.hotelespanalanjaron.es\/en\/the-hotel\/#breadcrumb","itemListElement":[{"@type":"ListItem","position":1,"name":"","item":"https:\/\/www.hotelespanalanjaron.es\/en\/"},{"@type":"ListItem","position":2,"name":"The Hotel"}]},{"@type":"WebSite","@id":"https:\/\/www.hotelespanalanjaron.es\/#website","url":"https:\/\/www.hotelespanalanjaron.es\/","name":"Hotel Espa\u00f1a Balc\u00f3n de Lorca","description":"Hotel y Restaurante en Lanjar\u00f3n (Granada)","potentialAction":[{"@type":"SearchAction","target":{"@type":"EntryPoint","urlTemplate":"https:\/\/www.hotelespanalanjaron.es\/?s={search_term_string}"},"query-input":"required name=search_term_string"}],"inLanguage":"en-US"}]}},"_links":{"self":[{"href":"https:\/\/www.hotelespanalanjaron.es\/en\/wp-json\/wp\/v2\/pages\/748","targetHints":{"allow":["GET"]}}],"collection":[{"href":"https:\/\/www.hotelespanalanjaron.es\/en\/wp-json\/wp\/v2\/pages"}],"about":[{"href":"https:\/\/www.hotelespanalanjaron.es\/en\/wp-json\/wp\/v2\/types\/page"}],"author":[{"embeddable":true,"href":"https:\/\/www.hotelespanalanjaron.es\/en\/wp-json\/wp\/v2\/users\/1"}],"replies":[{"embeddable":true,"href":"https:\/\/www.hotelespanalanjaron.es\/en\/wp-json\/wp\/v2\/comments?post=748"}],"version-history":[{"count":3,"href":"https:\/\/www.hotelespanalanjaron.es\/en\/wp-json\/wp\/v2\/pages\/748\/revisions"}],"predecessor-version":[{"id":751,"href":"https:\/\/www.hotelespanalanjaron.es\/en\/wp-json\/wp\/v2\/pages\/748\/revisions\/751"}],"wp:attachment":[{"href":"https:\/\/www.hotelespanalanjaron.es\/en\/wp-json\/wp\/v2\/media?parent=748"}],"curies":[{"name":"wp","href":"https:\/\/api.w.org\/{rel}","templated":true}]}}

<h1>The Hotel España</h1>
<p>Conoce el Hotel España en Lanjarón (Alpujarra de Granada) a través de la <a href="https://www.hotelespanalanjaron.es/el-hotel/una-historia-centenaria/">historia de Federico García Lorca</a> durante sus estancias veraniegas en el mismo y adéntrate en sus rincones, <a href="https://www.hotelespanalanjaron.es/el-hotel/nuestros-espacios/">visitando sus habitaciones</a>.</p>
<p><iframe loading="lazy" title="THE HOTEL ESPAÑA OF LANJARÓN WITH GARCÍA LORCA" width="500" height="281" src="https://www.youtube.com/embed/Dy0yi2zVW2A?feature=oembed" frameborder="0" allow="accelerometer; autoplay; clipboard-write; encrypted-media; gyroscope; picture-in-picture; web-share" referrerpolicy="strict-origin-when-cross-origin" allowfullscreen></iframe></p>
<p>&nbsp;</p>
<p>&nbsp;</p>
<p>&nbsp;</p>
<p style="text-align: center;"><a class="button button--principal button--borde-interior" href="https://www.hotelespanalanjaron.es/contacto-reservas/"> Book now</a></p>
<p style="text-align: center;">

<!-- This site is optimized with the Yoast SEO plugin v20.6 - https://yoast.com/wordpress/plugins/seo/ -->
<title>The Hotel - Hotel España Balcón de Lorca</title>
<meta name="robots" content="index, follow, max-snippet:-1, max-image-preview:large, max-video-preview:-1" />
<link rel="canonical" href="https://www.hotelespanalanjaron.es/en/the-hotel/" />
<meta property="og:locale" content="en_US" />
<meta property="og:type" content="article" />
<meta property="og:title" content="The Hotel - Hotel España Balcón de Lorca" />
<meta property="og:description" content="Meet our hotel clicking in button +" />
<meta property="og:url" content="https://www.hotelespanalanjaron.es/en/the-hotel/" />
<meta property="og:site_name" content="Hotel España Balcón de Lorca" />
<meta property="article:modified_time" content="2017-03-09T07:52:54+00:00" />
<meta name="twitter:card" content="summary_large_image" />
<script type="application/ld+json" class="yoast-schema-graph">{"@context":"https://schema.org","@graph":[{"@type":"WebPage","@id":"https://www.hotelespanalanjaron.es/en/the-hotel/","url":"https://www.hotelespanalanjaron.es/en/the-hotel/","name":"The Hotel - Hotel España Balcón de Lorca","isPartOf":{"@id":"https://www.hotelespanalanjaron.es/#website"},"datePublished":"2017-03-09T07:51:24+00:00","dateModified":"2017-03-09T07:52:54+00:00","breadcrumb":{"@id":"https://www.hotelespanalanjaron.es/en/the-hotel/#breadcrumb"},"inLanguage":"en-US","potentialAction":[{"@type":"ReadAction","target":["https://www.hotelespanalanjaron.es/en/the-hotel/"]}]},{"@type":"BreadcrumbList","@id":"https://www.hotelespanalanjaron.es/en/the-hotel/#breadcrumb","itemListElement":[{"@type":"ListItem","position":1,"name":"","item":"https://www.hotelespanalanjaron.es/en/"},{"@type":"ListItem","position":2,"name":"The Hotel"}]},{"@type":"WebSite","@id":"https://www.hotelespanalanjaron.es/#website","url":"https://www.hotelespanalanjaron.es/","name":"Hotel España Balcón de Lorca","description":"Hotel y Restaurante en Lanjarón (Granada)","potentialAction":[{"@type":"SearchAction","target":{"@type":"EntryPoint","urlTemplate":"https://www.hotelespanalanjaron.es/?s={search_term_string}"},"query-input":"required name=search_term_string"}],"inLanguage":"en-US"}]}</script>
<!-- / Yoast SEO plugin. -->

The Hotel - Hotel España Balcón de Lorca

Hotel España Balcón de Lorca

Hotel y Restaurante en Lanjarón (Granada)
